et d(p) = -20*p + 227. Give d(11).
7
Let w(b) = 21*b**2 - 19*b - 150. Calculate w(-7).
1012
Let d(c) = -68*c + 3846. What is d(57)?
-30
Let k(f) = -f**3 - 22*f**2 - 48*f - 3. Calculate k(-3).
-30
Let i(v) = 4*v**2 + 87*v + 309. What is i(-4)?
25
Let o(y) = 111*y + 1252. Give o(-11).
31
Let n(v) = v**3 + 16*v**2 + 10*v - 31. Give n(-12).
425
Let p(i) = 5*i**2 - 211*i - 1985. Give p(-9).
319
Let q(j) = -927*j - 13898. Determine q(-15).
7
Let j(g) = g**3 + 27*g**2 + 132*g + 57. Determine j(-21).
-69
Let p(y) = 3*y**3 - 73*y**2 + 149*y + 1. Determine p(2).
31
Let g(s) = 53*s - 158. Give g(7).
213
Let s(p) = p**2 + 15*p - 288. Determine s(-28).
76
Let c(f) = f**3 - 28*f**2 + 132*f + 26. Determine c(22).
26
Let h(p) = 38*p**2 - 2997*p - 396. What is h(79)?
-1
Let v(w) = 69*w - 169. What is v(8)?
383
Let y(l) = -24*l - 551. Give y(-22).
-23
Let o(g) = -18*g - 91. Determine o(2).
-127
Let n(r) = -2*r**3 + 239*r**2 - 128*r + 1085. Give n(119).
14
Let y(w) = -w**2 + 4170*w + 46004. Determine y(-11).
13
Let b(p) = -41*p + 1533. Calculate b(35).
98
Let c(r) = -8*r - 268. Calculate c(-35).
12
Let u(o) = -o**3 + 120*o**2 - 357*o + 701. Calculate u(117).
-1
Let u(f) = f + 57. What is u(-38)?
19
Let b(w) = 40*w + 118. Calculate b(-3).
-2
Let n(y) = -30*y - 340. Determine n(-10).
-40
Let v(l) = l**2 - 3131*l + 24983. Determine v(8).
-1
Let y(w) = 176*w**2 + 84*w - 82. Calculate y(1).
178
Let m(r) = r**3 + 194*r**2 + 192*r - 198. Calculate m(-193).
-5
Let q(z) = z**2 - 11*z - 111. Give q(17).
-9
Let y(p) = -7*p**2 + 218*p + 202. What is y(32)?
10
Let u(q) = q**2 - 230*q + 11788. What is u(77)?
7
Let s(i) = -i**2 - 4*i - 2. Determine s(-5).
-7
Let j(q) = -q**3 - 11*q**2 - 7*q + 40. What is j(-10)?
10
Let v(r) = 35*r + 57. What is v(-7)?
-188
Let h(c) = 57*c + 296. Calculate h(-5).
11
Let c(j) = 84*j - 6972. Determine c(83).
0
Let s(d) = -2*d**3 - 8*d**2 - 7*d - 69. Determine s(-5).
16
Let f(s) = s**2 - 34*s - 739. Calculate f(49).
-4
Let r(y) = 5*y**2 + 2. Determine r(4).
82
Let o(g) = -13*g**2 + 118*g + 4. What is o(8)?
116
Let g(w) = 28*w - 159. What is g(4)?
-47
Let o(v) = 104*v + 4723. Calculate o(-45).
43
Let t(j) = -1653*j - 9912. Calculate t(-6).
6
Let r(x) = -x**2 + 54*x + 4454. What is r(-45)?
-1
Let t(q) = -q**3 + 18*q**2 - 94*q + 38. Give t(5).
-107
Let o(y) = -8*y**2 - 37*y + 45. What is o(-6)?
-21
Let k(n) = n**2 - 4*n - 880. Give k(32).
16
Let b(v) = -v**3 + 17*v + 28. What is b(-2)?
2
Let f(n) = -282*n + 10420. Calculate f(37).
-14
Let s(p) = 2*p**3 + 32*p**2 - 206*p + 89. What is s(-21)?
5
Let u(x) = 16*x**2 - 144*x + 25. Determine u(6).
-263
Let t(i) = 3*i**2 - 98*i + 406. What is t(5)?
-9
Let g(v) = -v**2 - 200*v - 3578. What is g(-20)?
22
Let i(h) = -182*h + 1867. Determine i(11).
-135
Let o(p) = -p**2 + 149*p - 5435. What is o(69)?
85
Let w(u) = 10*u**2 - 1750*u - 1761. Calculate w(176).
-1
Let n(z) = -4777*z + 19083. What is n(4)?
-25
Let k(v) = -56*v + 620. Give k(10).
60
Let t(k) = -k**3 - 20*k**2 + 7*k - 290. Determine t(-21).
4
Let x(o) = -15*o - 530. What is x(-33)?
-35
Let x(r) = -r**3 - 8*r**2 - 17*r - 295. Determine x(-9).
-61
Let s(l) = 2*l**2 + 724*l - 5872. Calculate s(8).
48
Let l(n) = -n**3 - 32*n**2 + 108*n + 52. Calculate l(-35).
-53
Let z(q) = -76*q + 1124. What is z(15)?
-16
Let u(g) = 77*g - 224. Calculate u(3).
7
Let y(s) = -s**2 + 197*s + 5303. Determine y(-24).
-1
Let p(x) = x**3 + 16*x**2 + 53*x - 10. Give p(-5).
0
Let r(b) = -b**3 - 13*b - 118. Determine r(0).
-118
Let l(q) = q**3 + 43*q**2 + 186*q - 81. What is l(-38)?
71
Let r(z) = -2*z**2 + 57*z - 4. Give r(26).
126
Let s(f) = -2*f**2 + 13*f + 994. Determine s(-20).
-66
Let m(p) = p**2 - p - 59. Calculate m(-7).
-3
Let b(r) = 311*r - 4661. Give b(15).
4
Let h(d) = 4*d**3 + 10*d**2 + 2*d - 12. Calculate h(-4).
-116
Let b(t) = -5*t**2 - 13*t + 140. Calculate b(-9).
-148
Let w(f) = -f**3 + 18*f**2 - 39*f - 375. Give w(12).
21
Let s(i) = 3*i**3 + 325*i**2 + 110*i + 117. Determine s(-108).
-99
Let h(o) = -45*o**2 - 2086*o - 738. What is h(-46)?
-2
Let n(r) = 2*r**3 - 17*r**2 + 4*r + 13. Calculate n(6).
-143
Let o(i) = -2*i**3 + 61*i**2 - 40*i + 388. Give o(30).
88
Let t(p) = -p**3 + 43*p**2 - 156*p - 2. Give t(39).
-2
Let r(h) = -835*h + 74321. Determine r(89).
6
Let y(b) = b**2 - 20*b - 65. What is y(23)?
4
Let p(y) = 15*y**2 - 594*y - 7431. Calculate p(-10).
9
Let t(j) = j**3 + 11*j**2 - 7*j + 16. What is t(-13)?
-231
Let i(s) = s**2 + 3*s - 52. What is i(13)?
156
Let b(a) = 16*a**2 + 110*a - 9. Give b(-7).
5
Let d(w) = -49*w + 2217. Calculate d(45).
12
Let p(g) = -150*g - 1120. Calculate p(-8).
80
Let b(h) = 4265*h + 12800. Calculate b(-3).
5
Let d(z) = 5*z**2 - 128*z - 274. What is d(-2)?
2
Let k(w) = 1180*w - 2359. What is k(2)?
1
Let j(i) = -i**2 - 17*i + 120. What is j(-23)?
-18
Let h(x) = -x**3 + 7*x**2 + 9*x - 33. Determine h(8).
-25
Let x(t) = -t**2 - 11*t - 321. Determine x(-21).
-531
Let f(r) = r**3 - 22*r**2 + 48*r + 156. Calculate f(19).
-15
Let j(y) = -y**3 - 111*y**2 + 214*y + 11429. Calculate j(-112).
5
Let t(z) = -2*z**2 - 26*z - 111. Determine t(0).
-111
Let k(z) = -114*z - 1818. Determine k(-16).
6
Let y(v) = -4622*v + 18507. Give y(4).
19
Let b(c) = -c**2 - 42*c + 354. Give b(7).
11
Let c(y) = -426*y + 1607. What is c(4)?
-97
Let x(l) = l**2 + 46*l + 546. Give x(-16).
66
Let m(k) = 2*k**2 - 54*k + 263. Determine m(7).
-17
Let u(p) = -p**3 + 10*p**2 + 13*p - 21. Determine u(6).
201
Let v(k) = -k**3 + 3*k**2 + 10. Give v(4).
-6
Let c(x) = 2*x**3 + 23*x**2 - 10*x + 33. Calculate c(-12).
9
Let z(x) = -134*x - 5. Determine z(0).
-5
Let q(p) = -10*p**3 + 4*p**2 - 19*p - 50. Calculate q(-2).
84
Let t(v) = -248*v + 36. Give t(-2).
532
Let t(j) = 2*j**2 + 26*j + 98. Give t(-5).
18
Let v(r) = -3*r**2 - 56*r - 472. Determine v(-12).
-232
Let j(w) = -8*w**2 - 5*w + 8. Determine j(2).
-34
Let w(i) = -2*i**2 - 42*i + 35. Determine w(-20).
75
Let k(h) = 50*h**2 - 450*h + 2. Determine k(9).
2
Let u(a) = a**3 - 10*a**2 + 27*a - 60. Calculate u(5).
-50
Let v(o) = 3*o**3 - 9*o**2 - 27*o + 83. Calculate v(5).
98
Let r(z) = z**3 + 116*z**2 - 122*z - 590. Determine r(-117).
-5
Let o(t) = -5*t**3 - 3*t**2 - 32*t - 35. Determine o(-4).
365
Let u(d) = -5655*d - 28270. Determine u(-5).
5
Let c(o) = 61*o + 7229. Give c(-116).
153
Let g(n) = -n**2 + 41*n - 259. Give g(27).
119
Let f(n) = 2*n**2 + 51*n - 403. Calculate f(6).
-25
Let c(p) = -98*p + 3337. Calculate c(34).
5
Let d(i) = -33*i**3 - 4*i**2 - i + 5. Determine d(1).
-33
Let c(u) = 3*u**2 - 29*u + 121. What is c(5)?
51
Let g(h) = -3050*h + 67088. Calculate g(22).
-12
Let s(k) = 10*k**3 - 18*k**2 - 3*k - 20. Determine s(-3).
-443
Let r(x) = -7*x - 45. Determine r(4).
-73
Let f(o) = -33*o**2 + 276*o - 557. Calculate f(4).
19
Let s(z) = -2*z**2 + 88*z - 17. Determine s(45).
-107
Let q(t) = -2*t**2 - 175*t - 3520. Determine q(-56).
8
Let w(a) = 462*a + 7382. Determine w(-16).
-10
Let a(p) = -9*p**2 + 85*p - 482. Calculate a(6).
-296
Let p(q) = -1768*q - 10635. Determine p(-6).
-27
Let c(m) = 9*m**2 - 66*m - 270. Determine c(10).
-30
Let j(k) = 476*k**2 - 7*k - 10. Calculate j(-1).
473
Let y(q) = q**3 + 7*q**2 - 6*q + 52. Give y(-8).
36
Let t(p) = -16*p - 825. What is t(-51)?
-9
Let y(o) = -18*o**2 - 34*o - 9. Calculate y(-3).
-69
Let u(g) = g + 46. Determine u(-39).
7
Let j(i) = i**3 - 101*i**2 + 93*i + 628. What is j(100)?
-72
Let f(c) = 35*c + 2725. Give f(-78).
-5
Let a(y) = y**2 + 228*y + 1556. Give a(-7).
9
Let w(r) = r**3 + 17*r**2 - 111*r - 23. Determine w(-22).
-1
Let f(o) = -o**2 + 260*o + 1319. What is f(-5)?
-6
Let z(u) = -2*u**2 - 35*u + 191. Give z(5).
-34
Let g(h) = -2*h**2 + 27*h - 38. Calculate g(11).
17
Let p(t) = -8175*t + 73566. Calculate p(9).
-9
Let p(s) = -s**2 - 7*s + 9. Determine p(0).
9
Let a(x) = -162*x + 187. Calculate a(0).
187
Let d(t) = -338*t + 1688. Give d(5).
-2
Let s(b) = 5*b**2 + 22*b - 160. Give s(8).
336
Let n(r) = 6*r**2 + 77*r + 585. Determine n(-8).
353
Let y(l) = -87*l - 32. Give y(-1).
55
Let h(m) = -m**2 + 18*m - 71. Calculate h(10).
9
Let c(g) = -g**2 + 9*g + 125. Give c(-8).
-11
Let t(g) = -g**3 - 31*g**2 + 214*g + 104. Determine t(-37).
400
Let b(p) = -p**3 + 15*p**2 - 19*p + 11. Give b(14).
-59
Let v(p) = -144*p**2 - 18428*p + 524. Calculate v(-128).
12
Let c(k) = k**2 - 11